{"id":8,"date":"2023-03-15T09:39:19","date_gmt":"2023-03-15T09:39:19","guid":{"rendered":"https:\/\/kursy-zawodowe.biz\/?page_id=8"},"modified":"2023-07-25T08:44:28","modified_gmt":"2023-07-25T08:44:28","slug":"nowe-muzeum-sztuki-nowoczesnej-otwarlo-swoje-powoje","status":"publish","type":"page","link":"https:\/\/kursy-zawodowe.biz\/","title":{"rendered":"Kursy zawodowe"},"content":{"rendered":"\n<p>Zapraszamy na renomowane kursy ksi\u0119gowe i zawodowe osoby, kt\u00f3re chc\u0105 zyska\u0107 nowe kompetencje, rozwija\u0107 swoje umiej\u0119tno\u015bci oraz uaktualni\u0107 zdobyt\u0105 wcze\u015bniej wiedz\u0119. <\/p>\n\n\n\n<div class=\"wp-block-media-text alignwide has-media-on-the-right is-stacked-on-mobile\"><div class=\"wp-block-media-text__content\">\n<p>Proponowane przez nas programy przygotowywane s\u0105 w oparciu o najnowsze badania rynku pracy, okre\u015blaj\u0105 potrzeby edukacyjne os\u00f3b ambitnych ukierunkowanych na rozw\u00f3j osobisty. Podczas kurs\u00f3w s\u0142uchacze korzystaj\u0105 z najwy\u017cszej jako\u015bci form doskonalenia \u0142\u0105cz\u0105cych aktualn\u0105 wiedz\u0119 z praktycznym jej zastosowaniem.<\/p>\n<\/div><figure class=\"wp-block-media-text__media\"><img loading=\"lazy\" decoding=\"async\" width=\"1024\" height=\"683\" src=\"https:\/\/kursy-zawodowe.biz\/wp-content\/uploads\/2023\/03\/AdobeStock_198104149-1024x683.jpeg\" alt=\"\" class=\"wp-image-46 size-full\" srcset=\"https:\/\/kursy-zawodowe.biz\/wp-content\/uploads\/2023\/03\/AdobeStock_198104149-1024x683.jpeg 1024w, https:\/\/kursy-zawodowe.biz\/wp-content\/uploads\/2023\/03\/AdobeStock_198104149-300x200.jpeg 300w, https:\/\/kursy-zawodowe.biz\/wp-content\/uploads\/2023\/03\/AdobeStock_198104149-768x512.jpeg 768w, https:\/\/kursy-zawodowe.biz\/wp-content\/uploads\/2023\/03\/AdobeStock_198104149-1536x1024.jpeg 1536w, https:\/\/kursy-zawodowe.biz\/wp-content\/uploads\/2023\/03\/AdobeStock_198104149-2048x1365.jpeg 2048w, https:\/\/kursy-zawodowe.biz\/wp-content\/uploads\/2023\/03\/AdobeStock_198104149-1200x800.jpeg 1200w, https:\/\/kursy-zawodowe.biz\/wp-content\/uploads\/2023\/03\/AdobeStock_198104149-1980x1320.jpeg 1980w\" sizes=\"(max-width: 1024px) 100vw, 1024px\" \/><\/figure><\/div>\n\n\n\n<div class=\"wp-block-buttons is-layout-flex wp-block-buttons-is-layout-flex\">\n<div class=\"wp-block-button has-custom-width wp-block-button__width-100\"><a class=\"wp-block-button__link wp-element-button\" href=\"https:\/\/kursy-zawodowe.biz\/index.php\/dlaczego-warto\/\" target=\"_blank\" rel=\"noreferrer noopener\">Dlaczego warto skorzysta\u0107 z kursu<\/a><\/div>\n<\/div>\n\n\n\n<h3 class=\"has-text-align-center has-accent-color has-text-color wp-block-heading\">Jakie kursy prowadzimy?<\/h3>\n\n\n\n<div class=\"wp-block-columns is-layout-flex wp-container-core-columns-layout-1 wp-block-columns-is-layout-flex\">\n<div class=\"wp-block-column is-layout-flow wp-block-column-is-layout-flow\">\n<div class=\"wp-block-buttons alignfull is-layout-flex wp-block-buttons-is-layout-flex\">\n<div class=\"wp-block-button has-custom-width wp-block-button__width-100\"><a class=\"wp-block-button__link has-background wp-element-button\" href=\"\" style=\"background-color:#202b52\" target=\"_blank\" rel=\"noreferrer noopener\">Dla organ\u00f3w nadzorczych<\/a><\/div>\n\n\n\n<div class=\"wp-block-button has-custom-width wp-block-button__width-100\"><a class=\"wp-block-button__link has-background wp-element-button\" href=\"https:\/\/www.adnakademia.pl\/kategoria\/kursy-biznesowe\/\" style=\"background-color:#202b52\">BIZNESOWE<\/a><\/div>\n\n\n\n<div class=\"wp-block-button has-custom-width wp-block-button__width-100\"><a class=\"wp-block-button__link has-background wp-element-button\" href=\"https:\/\/www.adnakademia.pl\/kategoria\/kursy-ksiegowosci\/\" style=\"background-color:#202b52\" target=\"_blank\" rel=\"noreferrer noopener\">Ksi\u0119gowo\u015bci<\/a><\/div>\n\n\n\n<div class=\"wp-block-button has-custom-width wp-block-button__width-100\"><a class=\"wp-block-button__link has-background wp-element-button\" href=\"https:\/\/www.adnakademia.pl\/kategoria\/kursy-komputerowe\/\" style=\"background-color:#202b52\" target=\"_blank\" rel=\"noreferrer noopener\">komputerowe<\/a><\/div>\n<\/div>\n<\/div>\n\n\n\n<div class=\"wp-block-column is-layout-flow wp-block-column-is-layout-flow\">\n<div class=\"wp-block-buttons is-layout-flex wp-block-buttons-is-layout-flex\">\n<div class=\"wp-block-button has-custom-width wp-block-button__width-100\"><a class=\"wp-block-button__link has-background-color has-text-color has-background wp-element-button\" href=\"https:\/\/www.adnakademia.pl\/kategoria\/kursy-dla-sektora-publicznego\/\" style=\"background-color:#202b52\" target=\"_blank\" rel=\"noreferrer noopener\">Dla Sektora publicznego<\/a><\/div>\n\n\n\n<div class=\"wp-block-button has-custom-width wp-block-button__width-100\"><a class=\"wp-block-button__link has-background wp-element-button\" href=\"https:\/\/www.adnakademia.pl\/kategoria\/kursy-finansowe\/\" style=\"background-color:#202b52\" target=\"_blank\" rel=\"noreferrer noopener\">Finansowe<\/a><\/div>\n\n\n\n<div class=\"wp-block-button has-custom-width wp-block-button__width-100\"><a class=\"wp-block-button__link has-background wp-element-button\" href=\"https:\/\/www.adnakademia.pl\/kategoria\/kursy-kadry-i-place\/\" style=\"background-color:#202b52\" target=\"_blank\" rel=\"noreferrer noopener\">Kadry i p\u0142ace<\/a><\/div>\n\n\n\n<div class=\"wp-block-button has-custom-width wp-block-button__width-100\"><a class=\"wp-block-button__link has-background wp-element-button\" href=\"https:\/\/www.adnakademia.pl\/kategoria\/doradca-podatkowy\/\" style=\"background-color:#202b52\" target=\"_blank\" rel=\"noreferrer noopener\">podatkowe<\/a><\/div>\n<\/div>\n<\/div>\n<\/div>\n\n\n\n<hr class=\"wp-block-separator has-alpha-channel-opacity\"\/>\n\n\n\n<figure class=\"wp-block-image\"><img decoding=\"async\" src=\"https:\/\/szkolenia-controlling.com.pl\/wp-content\/uploads\/2022\/04\/ADN_2021-12-22_0556_fullres_kadr1.jpg\" alt=\"\" class=\"wp-image-71\"\/><\/figure>\n\n\n\n<blockquote class=\"wp-block-quote\">\n<p>\u201eWiedza to nasz najwi\u0119kszy atut\u201d\u2014 Adam Niedzi\u00f3\u0142ka, Prezes ADN Akademia<\/p>\n<\/blockquote>\n\n\n\n<hr class=\"wp-block-separator has-alpha-channel-opacity\"\/>\n\n\n\n<div class=\"wp-block-buttons is-layout-flex wp-block-buttons-is-layout-flex\">\n<div class=\"wp-block-button has-custom-width wp-block-button__width-100\"><a class=\"wp-block-button__link wp-element-button\" href=\"https:\/\/kursy-zawodowe.biz\/index.php\/informacje\/\" target=\"_blank\" rel=\"noreferrer noopener\">Zobacz dlaczego adn akademia<\/a><\/div>\n<\/div>\n","protected":false},"excerpt":{"rendered":"<p>Zapraszamy na renomowane kursy ksi\u0119gowe i zawodowe osoby, kt\u00f3re chc\u0105 zyska\u0107 nowe kompetencje, rozwija\u0107 swoje umiej\u0119tno\u015bci oraz uaktualni\u0107 zdobyt\u0105 wcze\u015bniej wiedz\u0119. Proponowane przez nas programy przygotowywane s\u0105 w oparciu o najnowsze badania rynku pracy, okre\u015blaj\u0105 potrzeby edukacyjne os\u00f3b ambitnych ukierunkowanych na rozw\u00f3j osobisty. Podczas kurs\u00f3w s\u0142uchacze korzystaj\u0105 z najwy\u017cszej jako\u015bci form doskonalenia \u0142\u0105cz\u0105cych aktualn\u0105 wiedz\u0119 [&hellip;]<\/p>\n","protected":false},"author":2,"featured_media":0,"parent":0,"menu_order":0,"comment_status":"closed","ping_status":"closed","template":"","meta":{"footnotes":""},"_links":{"self":[{"href":"https:\/\/kursy-zawodowe.biz\/index.php\/wp-json\/wp\/v2\/pages\/8"}],"collection":[{"href":"https:\/\/kursy-zawodowe.biz\/index.php\/wp-json\/wp\/v2\/pages"}],"about":[{"href":"https:\/\/kursy-zawodowe.biz\/index.php\/wp-json\/wp\/v2\/types\/page"}],"author":[{"embeddable":true,"href":"https:\/\/kursy-zawodowe.biz\/index.php\/wp-json\/wp\/v2\/users\/2"}],"replies":[{"embeddable":true,"href":"https:\/\/kursy-zawodowe.biz\/index.php\/wp-json\/wp\/v2\/comments?post=8"}],"version-history":[{"count":7,"href":"https:\/\/kursy-zawodowe.biz\/index.php\/wp-json\/wp\/v2\/pages\/8\/revisions"}],"predecessor-version":[{"id":67,"href":"https:\/\/kursy-zawodowe.biz\/index.php\/wp-json\/wp\/v2\/pages\/8\/revisions\/67"}],"wp:attachment":[{"href":"https:\/\/kursy-zawodowe.biz\/index.php\/wp-json\/wp\/v2\/media?parent=8"}],"curies":[{"name":"wp","href":"https:\/\/api.w.org\/{rel}","templated":true}]}}