{"id":60,"date":"2023-03-24T07:56:21","date_gmt":"2023-03-24T07:56:21","guid":{"rendered":"https:\/\/kursy-zawodowe.biz\/?page_id=60"},"modified":"2023-03-24T07:56:21","modified_gmt":"2023-03-24T07:56:21","slug":"trenerzy","status":"publish","type":"page","link":"https:\/\/kursy-zawodowe.biz\/index.php\/trenerzy\/","title":{"rendered":"Trenerzy"},"content":{"rendered":"\n<div class=\"wp-block-columns alignwide is-layout-flex wp-container-core-columns-layout-1 wp-block-columns-is-layout-flex\">\n<div class=\"wp-block-column is-layout-flow wp-block-column-is-layout-flow\" style=\"flex-basis:33.33%\">\n<p class=\"has-text-align-center has-accent-color has-text-color\"><strong>Marcin Borkowski<\/strong>\u00a0<\/p>\n<\/div>\n\n\n\n<div class=\"wp-block-column is-layout-flow wp-block-column-is-layout-flow\" style=\"flex-basis:66.66%\">\n<p>Prawnik, ekspert podatkowy, Senior Associate w sp\u00f3\u0142ce doradztwa podatkowego ADN, specjalista w zakresie post\u0119powania podatkowego, kontroli podatkowej, podatku od towar\u00f3w i us\u0142ug oraz podatku dochodowego. Do\u015bwiadczenie zawodowe zdobywa\u0142 pracuj\u0105c w organach podatkowych. Obejmowa\u0142 stanowisko zast\u0119pcy Naczelnika Urz\u0119du Skarbowego oraz pe\u0142ni\u0142 rol\u0119 trenera podatkowego w utworzonym przy Ministerstwie Finans\u00f3w \u2013 Centrum Edukacji Zawodowej. Przeszkoli\u0142 kilkuset pracownik\u00f3w r\u00f3\u017cnych organ\u00f3w podatkowych m.in. Krajow\u0105 Informacj\u0119 Podatkow\u0105, Ministerstwo Finans\u00f3w, izby skarbowe, urz\u0119dy kontroli skarbowej, urz\u0119dy skarbowe. Wieloletni praktyk prawa podatkowego. Posiada do\u015bwiadczenie w optymalizacji prawno-podatkowej. Autor i wsp\u00f3\u0142autor wielu publikacji prawnych oraz podatkowych. Publikacje w szczeg\u00f3lno\u015bci dla portalu prawno-podatkowego TaxFin.pl. Wyk\u0142adowca wy\u017cszych uczelni oraz komercyjnych szkole\u0144 otwartych i zamkni\u0119tych w zakresie prawa cywilnego, prawa gospodarczego oraz prawa podatkowego (w szczeg\u00f3lno\u015bci podatku VAT i Ordynacji podatkowej). Prowadzi\u0142 zaj\u0119cia dla s\u0142u\u017cb finansowo-ksi\u0119gowych, departament\u00f3w podatkowych oraz pracownik\u00f3w technicznych reprezentuj\u0105cych r\u00f3\u017cne bran\u017ce i sektory gospodarki. Obecnie realizuje szkolenia i warsztaty dla Akademii Biznesu MDDP. Prowadzi\u0142 zaj\u0119cia m.in dla: PKP SA, Orlen Asfalt Sp. z o.o., Uniteam Poland Sp. z o.o., GSG Service Sp. z o.o., PAMAPOL SA, IKEA Purchasing Services Poland Sp. Z o.o., Roche Diagnostics Polska Sp. z o.o.\u00a0<\/p>\n<\/div>\n<\/div>\n\n\n\n<div class=\"wp-block-columns alignwide is-layout-flex wp-container-core-columns-layout-2 wp-block-columns-is-layout-flex\">\n<div class=\"wp-block-column is-layout-flow wp-block-column-is-layout-flow\" style=\"flex-basis:33.33%\">\n<p class=\"has-text-align-center has-accent-color has-text-color\"><strong>Aneta Drosik<\/strong>\u00a0<\/p>\n<\/div>\n\n\n\n<div class=\"wp-block-column is-layout-flow wp-block-column-is-layout-flow\" style=\"flex-basis:66.66%\">\n<p>Radca prawny, lider praktyki podatk\u00f3w dochodowych w ADN Podatki. Posiada ponad 10 lat praktyki zawodowej. Jest ekspertem z zakresu prawa gospodarczego i podatkowego, compliance oraz procedur podatkowych. Kierowa\u0142a wieloma projektami doradczymi oraz \u015bwiadczy\u0142a us\u0142ugi bie\u017c\u0105cego wsparcia dla najwi\u0119kszych polskich podmiot\u00f3w, w tym tak\u017ce z udzia\u0142em kapita\u0142u zagranicznego. Uczestniczy\u0142a w wielu fuzjach i przej\u0119ciach, a tak\u017ce licznych procesach restrukturyzacyjnych. Posiada bogate do\u015bwiadczenie w procesach przekszta\u0142cania oraz \u0142\u0105czenia sp\u00f3\u0142ek, zar\u00f3wno krajowych jak i transgranicznych. Bra\u0142a udzia\u0142 w licznych badaniach due diligence przedsi\u0119biorc\u00f3w z r\u00f3\u017cnych bran\u017c. Jest autorem kilkudziesi\u0119ciu publikacji prasowych dotycz\u0105cych zar\u00f3wno bie\u017c\u0105cych kwestii podatkowych, jak i szeregu zagadnie\u0144 specjalistycznych (w szczeg\u00f3lno\u015bci w Dzienniku Gazecie Prawnej oraz Portalu Finansowo \u2013 Ksi\u0119gowym). Jest tak\u017ce do\u015bwiadczonym wyk\u0142adowc\u0105, ma za sob\u0105 kilkaset godzin szkoleniowych z zakresu prawa podatkowego i gospodarczego, w tym z zakresu cen transferowych, restrukturyzacji podmiot\u00f3w gospodarczych, procedur podatkowych oraz bie\u017c\u0105cych zmian w przepisach.<\/p>\n<\/div>\n<\/div>\n\n\n\n<div class=\"wp-block-columns alignwide is-layout-flex wp-container-core-columns-layout-3 wp-block-columns-is-layout-flex\">\n<div class=\"wp-block-column is-layout-flow wp-block-column-is-layout-flow\" style=\"flex-basis:33.33%\">\n<p class=\"has-text-align-center has-accent-color has-text-color\"><strong><strong>Tomasz Manowiec<\/strong><\/strong><\/p>\n<\/div>\n\n\n\n<div class=\"wp-block-column is-layout-flow wp-block-column-is-layout-flow\" style=\"flex-basis:66.66%\">\n<p>Dyrektor w\u00a0dziale Corporate Finance, w kt\u00f3rym realizowane s\u0105 wyceny przedsi\u0119biorstw i instrument\u00f3w finansowych oraz projekty zwi\u0105zane z analiz\u0105 finansow\u0105 i modelowaniem. Posiada tytu\u0142 CFA, licencj\u0119 doradcy inwestycyjnego, licencj\u0119 maklera papier\u00f3w warto\u015bciowych oraz jest cz\u0142onkiem ACCA. Swoj\u0105 wiedz\u0119 zdobywa\u0142 przez kilkana\u015bcie lat, pracuj\u0105c jako analityk i zarz\u0105dzaj\u0105cy funduszami na rynku kapita\u0142owym oraz w bran\u017cy doradczej. Wysoka jako\u015b\u0107 edukacyjna kursu wynika nie tylko z bogatej wiedzy merytorycznej, ale r\u00f3wnie\u017c z do\u015bwiadcze\u0144 autora w prowadzeniu szkole\u0144 i wyk\u0142ad\u00f3w dla odbiorc\u00f3w na r\u00f3\u017cnym poziomie zaawansowania.<\/p>\n<\/div>\n<\/div>\n\n\n\n<div class=\"wp-block-columns alignwide is-layout-flex wp-container-core-columns-layout-4 wp-block-columns-is-layout-flex\">\n<div class=\"wp-block-column is-layout-flow wp-block-column-is-layout-flow\" style=\"flex-basis:33.33%\">\n<p class=\"has-text-align-center has-accent-color has-text-color\"><strong><strong>Gabriela Suski-Borek<\/strong>\u00a0<\/strong><\/p>\n<\/div>\n\n\n\n<div class=\"wp-block-column is-layout-flow wp-block-column-is-layout-flow\" style=\"flex-basis:66.66%\">\n<p>Absolwentka wydzia\u0142u rachunkowo\u015bci Akademii Ekonomicznej im. Karola Adamieckiego w Katowicach oraz Bezpiecze\u0144stwa i Higieny Pracy Wy\u017cszej Szko\u0142y Bankowej w Poznaniu. Wieloletni wyk\u0142adowca zagadnie\u0144 ksi\u0119gowych i finansowych, oraz do\u015bwiadczony praktyk. W latach 1999-2010 pracownik naukowy Wy\u017cszej Szko\u0142y Bankowej w Poznaniu. Trener w zakresie rachunkowo\u015bci finansowej, finans\u00f3w, rachunku koszt\u00f3w, rachunkowo\u015bci zarz\u0105dczej, finans\u00f3w przedsi\u0119biorstw, rachunkowo\u015bci i sprawozdawczo\u015bci bud\u017cetowej, prowadzenia dzia\u0142alno\u015bci gospodarczej, ksi\u0119gowo\u015bci projekt\u00f3w unijnych, przygotowywania biznes plan\u00f3w, zak\u0142adania i prowadzenia dzia\u0142alno\u015bci gospodarczej, zarz\u0105dzania finansami w firmie. Samodzielny ksi\u0119gowy sp\u00f3\u0142ki produkcyjnej i us\u0142ugowej korzystaj\u0105cej z wielu dotacji unijnych, zast\u0119pca skarbnika miasta, specjalista do spraw obs\u0142ugi finansowej projektu, konsultant w Punkcie Konsultacyjnym dla ma\u0142ych i \u015brednich przedsi\u0119biorstw. Autorka artyku\u0142\u00f3w na temat rachunkowo\u015bci i finans\u00f3w. Bogate do\u015bwiadczenie zawodowe przek\u0142ada si\u0119 na jako\u015b\u0107 prowadzonych zaj\u0119\u0107, dzi\u0119ki temu s\u0105 ciekawe oraz u\u017cyteczne.<\/p>\n<\/div>\n<\/div>\n\n\n\n<div class=\"wp-block-columns alignwide is-layout-flex wp-container-core-columns-layout-5 wp-block-columns-is-layout-flex\">\n<div class=\"wp-block-column is-layout-flow wp-block-column-is-layout-flow\" style=\"flex-basis:33.33%\">\n<p class=\"has-text-align-center has-accent-color has-text-color\"><strong><strong>prof. dr hab. Tomasz Wnuk-Pel<\/strong><\/strong><\/p>\n<\/div>\n\n\n\n<div class=\"wp-block-column is-layout-flow wp-block-column-is-layout-flow\" style=\"flex-basis:66.66%\">\n<p>Adiunkt w Katedrze Rachunkowo\u015bci U\u0141; Wiceprezes Zarz\u0105du w T.G. RaFiB Sp. z o.o., sp\u00f3\u0142ce consultingowej od 1990 roku specjalizuj\u0105cej si\u0119 w projektowaniu i wdra\u017caniu nowoczesnych system\u00f3w rachunkowo\u015bci zarz\u0105dczej i controllingu; autor i wsp\u00f3\u0142autor projekt\u00f3w system\u00f3w rachunku koszt\u00f3w i rachunkowo\u015bci zarz\u0105dczej w pr\u0119\u017cnie dzia\u0142aj\u0105cych firmach produkcyjnych, us\u0142ugowych i handlowych; autor zamkni\u0119tych, cz\u0119sto wieloetapowych szkole\u0144 z zakresu nowoczesnych metod rachunku koszt\u00f3w i rachunkowo\u015bci zarz\u0105dczej mi\u0119dzy innymi dla: PKO BP SA, TVP SA, TP SA, Coca-Cola Beverages Sp. z o.o., ORACLE SA, TUiR WARTA SA, KPMG Sp. z o.o., PWC Sp. z o.o., ERNST&amp;YOUNG Sp. z o.o., MERCK Sp. z o.o., PILKINGTON IGP Sp. z o.o., Rieber Foods Polska SA (dawniej DELECTA SA), PGNiG SA, Zarz\u0105du Morskiego Portu Gda\u0144sk SA, ORKLA PRESS POLSKA SA, ZCH Police SA, FASER SA, ZPC Jutrzenka SA, Energopol-7 Pozna\u0144 SA (obecnie MAXER SA), Masters SA, POWEN SA, Polmos Wroc\u0142aw SA (obecnie Vratislavia SA), FPM SA, Polifarb Wroc\u0142aw SA, Trakcja Polska \u2013 PKRE SA i wielu innych; autor i wsp\u00f3\u0142autor licznych ksi\u0105\u017cek i artyku\u0142\u00f3w np.: Zarz\u0105dzanie rentowno\u015bci\u0105. Bud\u017cetowanie i kontrola. Activity based costing &amp; management, T. Wnuk-Pel, DIFIN 2006; Rachunek koszt\u00f3w. Podej\u015bcie operacyjne i strategiczne, I. Soba\u0144ska (red.), CH BECK, 2009; Rachunkowo\u015b\u0107 zarz\u0105dcza. Podej\u015bcie operacyjne i strategiczne, I. Soba\u0144ska (red.), CH BECK 2010; Controlling w praktyce, Z. Leszczy\u0144ski, T. Wnuk, ODDiK 2004 i wielu innych.<\/p>\n<\/div>\n<\/div>\n","protected":false},"excerpt":{"rendered":"<p>Marcin Borkowski\u00a0 Prawnik, ekspert podatkowy, Senior Associate w sp\u00f3\u0142ce doradztwa podatkowego ADN, specjalista w zakresie post\u0119powania podatkowego, kontroli podatkowej, podatku od towar\u00f3w i us\u0142ug oraz podatku dochodowego. Do\u015bwiadczenie zawodowe zdobywa\u0142 pracuj\u0105c w organach podatkowych. Obejmowa\u0142 stanowisko zast\u0119pcy Naczelnika Urz\u0119du Skarbowego oraz pe\u0142ni\u0142 rol\u0119 trenera podatkowego w utworzonym przy Ministerstwie Finans\u00f3w \u2013 Centrum Edukacji Zawodowej. Przeszkoli\u0142 [&hellip;]<\/p>\n","protected":false},"author":2,"featured_media":0,"parent":0,"menu_order":0,"comment_status":"closed","ping_status":"closed","template":"","meta":{"footnotes":""},"_links":{"self":[{"href":"https:\/\/kursy-zawodowe.biz\/index.php\/wp-json\/wp\/v2\/pages\/60"}],"collection":[{"href":"https:\/\/kursy-zawodowe.biz\/index.php\/wp-json\/wp\/v2\/pages"}],"about":[{"href":"https:\/\/kursy-zawodowe.biz\/index.php\/wp-json\/wp\/v2\/types\/page"}],"author":[{"embeddable":true,"href":"https:\/\/kursy-zawodowe.biz\/index.php\/wp-json\/wp\/v2\/users\/2"}],"replies":[{"embeddable":true,"href":"https:\/\/kursy-zawodowe.biz\/index.php\/wp-json\/wp\/v2\/comments?post=60"}],"version-history":[{"count":1,"href":"https:\/\/kursy-zawodowe.biz\/index.php\/wp-json\/wp\/v2\/pages\/60\/revisions"}],"predecessor-version":[{"id":61,"href":"https:\/\/kursy-zawodowe.biz\/index.php\/wp-json\/wp\/v2\/pages\/60\/revisions\/61"}],"wp:attachment":[{"href":"https:\/\/kursy-zawodowe.biz\/index.php\/wp-json\/wp\/v2\/media?parent=60"}],"curies":[{"name":"wp","href":"https:\/\/api.w.org\/{rel}","templated":true}]}}